[INFO] cloning repository https://github.com/Ryan1729/palimpsest-processor
[INFO] running `Command { std: "git" "-c" "credential.helper=" "-c" "credential.helper=/workspace/cargo-home/bin/git-credential-null" "clone" "--bare" "https://github.com/Ryan1729/palimpsest-processor" "/workspace/cache/git-repos/https%3A%2F%2Fgithub.com%2FRyan1729%2Fpalimpsest-processor", kill_on_drop: false }`
[INFO] [stderr] Cloning into bare repository '/workspace/cache/git-repos/https%3A%2F%2Fgithub.com%2FRyan1729%2Fpalimpsest-processor'...
[INFO] running `Command { std: "git" "rev-parse" "HEAD", kill_on_drop: false }`
[INFO] [stdout] 974a6b8f19b85af51f3ac6bc1216a61052f9522e
[INFO] checking Ryan1729/palimpsest-processor against try#72f88fc4e9458f89516a0b8b0868f3718aec5b47 for pr-74989
[INFO] running `Command { std: "git" "clone" "/workspace/cache/git-repos/https%3A%2F%2Fgithub.com%2FRyan1729%2Fpalimpsest-processor" "/workspace/builds/worker-3/source", kill_on_drop: false }`
[INFO] [stderr] Cloning into '/workspace/builds/worker-3/source'...
[INFO] [stderr] done.
[INFO] validating manifest of git repo https://github.com/Ryan1729/palimpsest-processor on toolchain 72f88fc4e9458f89516a0b8b0868f3718aec5b47
[INFO] running `Command { std: "/workspace/cargo-home/bin/cargo" "+72f88fc4e9458f89516a0b8b0868f3718aec5b47" "read-manifest" "--manifest-path" "Cargo.toml", kill_on_drop: false }`
[INFO] started tweaking git repo https://github.com/Ryan1729/palimpsest-processor
[INFO] removed workspace from git repo https://github.com/Ryan1729/palimpsest-processor
[INFO] removed path dependency common from git repo https://github.com/Ryan1729/palimpsest-processor
[INFO] removed path dependency game from git repo https://github.com/Ryan1729/palimpsest-processor
[INFO] finished tweaking git repo https://github.com/Ryan1729/palimpsest-processor
[INFO] tweaked toml for git repo https://github.com/Ryan1729/palimpsest-processor written to /workspace/builds/worker-3/source/Cargo.toml
[INFO] crate git repo https://github.com/Ryan1729/palimpsest-processor already has a lockfile, it will not be regenerated
[INFO] running `Command { std: "/workspace/cargo-home/bin/cargo" "+72f88fc4e9458f89516a0b8b0868f3718aec5b47" "fetch" "--locked" "--manifest-path" "Cargo.toml", kill_on_drop: false }`
[INFO] [stderr] warning: dependency (common) specified without providing a local path, Git repository, or version to use. This will be considered an error in future versions
[INFO] [stderr] warning: dependency (game) specified without providing a local path, Git repository, or version to use. This will be considered an error in future versions
[INFO] [stderr]     Updating crates.io index
[INFO] [stderr] error: the lock file /workspace/builds/worker-3/source/Cargo.lock needs to be updated but --locked was passed to prevent this
[INFO] [stderr] If you want to try to generate the lock file without accessing the network, use the --offline flag.
[INFO] the lockfile is outdated, regenerating it
[INFO] running `Command { std: "/workspace/cargo-home/bin/cargo" "+72f88fc4e9458f89516a0b8b0868f3718aec5b47" "generate-lockfile" "--manifest-path" "Cargo.toml" "-Zno-index-update", kill_on_drop: false }`
[INFO] running `Command { std: "/workspace/cargo-home/bin/cargo" "+72f88fc4e9458f89516a0b8b0868f3718aec5b47" "fetch" "--locked" "--manifest-path" "Cargo.toml", kill_on_drop: false }`
[INFO] [stderr] warning: dependency (common) specified without providing a local path, Git repository, or version to use. This will be considered an error in future versions
[INFO] [stderr] warning: dependency (game) specified without providing a local path, Git repository, or version to use. This will be considered an error in future versions
[INFO] [stderr]  Downloading crates ...
[INFO] [stderr]   Downloaded libloading v0.3.4
[INFO] [stderr]   Downloaded game v0.1.0
[INFO] [stderr]   Downloaded bear-lib-terminal-sys v1.3.0
[INFO] [stderr]   Downloaded target_build_utils v0.3.1
[INFO] [stderr]   Downloaded common v0.1.0
[INFO] [stderr]   Downloaded bear-lib-terminal v1.4.0
[INFO] [stderr]   Downloaded bs58 v0.2.5
[INFO] running `Command { std: "docker" "create" "-v" "/var/lib/crater-agent-workspace/builds/worker-3/target:/opt/rustwide/target:rw,Z" "-v" "/var/lib/crater-agent-workspace/builds/worker-3/source:/opt/rustwide/workdir:ro,Z" "-v" "/var/lib/crater-agent-workspace/cargo-home:/opt/rustwide/cargo-home:ro,Z" "-v" "/var/lib/crater-agent-workspace/rustup-home:/opt/rustwide/rustup-home:ro,Z" "-e" "SOURCE_DIR=/opt/rustwide/workdir" "-e" "CARGO_TARGET_DIR=/opt/rustwide/target" "-e" "CARGO_HOME=/opt/rustwide/cargo-home" "-e" "RUSTUP_HOME=/opt/rustwide/rustup-home" "-w" "/opt/rustwide/workdir" "-m" "1610612736" "--user" "0:0" "--network" "none" "rustops/crates-build-env@sha256:d92eaeed33fa75130ca1ee6c8a01d1ffb62bac859dfdfb3450e3e5d1c0146529" "/opt/rustwide/cargo-home/bin/cargo" "+72f88fc4e9458f89516a0b8b0868f3718aec5b47" "metadata" "--no-deps" "--format-version=1", kill_on_drop: false }`
[INFO] [stdout] 5170b0fbcfe267ee631663f02dcf223906d91352d7b0240ddf4e0ffac99718e0
[INFO] [stderr] WARNING: Your kernel does not support swap limit capabilities or the cgroup is not mounted. Memory limited without swap.
[INFO] running `Command { std: "docker" "start" "-a" "5170b0fbcfe267ee631663f02dcf223906d91352d7b0240ddf4e0ffac99718e0", kill_on_drop: false }`
[INFO] running `Command { std: "docker" "inspect" "5170b0fbcfe267ee631663f02dcf223906d91352d7b0240ddf4e0ffac99718e0", kill_on_drop: false }`
[INFO] running `Command { std: "docker" "rm" "-f" "5170b0fbcfe267ee631663f02dcf223906d91352d7b0240ddf4e0ffac99718e0", kill_on_drop: false }`
[INFO] [stdout] 5170b0fbcfe267ee631663f02dcf223906d91352d7b0240ddf4e0ffac99718e0
[INFO] running `Command { std: "docker" "create" "-v" "/var/lib/crater-agent-workspace/builds/worker-3/target:/opt/rustwide/target:rw,Z" "-v" "/var/lib/crater-agent-workspace/builds/worker-3/source:/opt/rustwide/workdir:ro,Z" "-v" "/var/lib/crater-agent-workspace/cargo-home:/opt/rustwide/cargo-home:ro,Z" "-v" "/var/lib/crater-agent-workspace/rustup-home:/opt/rustwide/rustup-home:ro,Z" "-e" "SOURCE_DIR=/opt/rustwide/workdir" "-e" "CARGO_TARGET_DIR=/opt/rustwide/target" "-e" "CARGO_INCREMENTAL=0" "-e" "RUST_BACKTRACE=full" "-e" "RUSTFLAGS=--cap-lints=forbid" "-e" "CARGO_HOME=/opt/rustwide/cargo-home" "-e" "RUSTUP_HOME=/opt/rustwide/rustup-home" "-w" "/opt/rustwide/workdir" "-m" "1610612736" "--user" "0:0" "--network" "none" "rustops/crates-build-env@sha256:d92eaeed33fa75130ca1ee6c8a01d1ffb62bac859dfdfb3450e3e5d1c0146529" "/opt/rustwide/cargo-home/bin/cargo" "+72f88fc4e9458f89516a0b8b0868f3718aec5b47" "check" "--frozen" "--all" "--all-targets" "--message-format=json", kill_on_drop: false }`
[INFO] [stdout] 4688325d37eca1d7f5647471c8e7f0d1b3ac29a7881a293d5cd82461135938f3
[INFO] [stderr] WARNING: Your kernel does not support swap limit capabilities or the cgroup is not mounted. Memory limited without swap.
[INFO] running `Command { std: "docker" "start" "-a" "4688325d37eca1d7f5647471c8e7f0d1b3ac29a7881a293d5cd82461135938f3", kill_on_drop: false }`
[INFO] [stderr] warning: dependency (common) specified without providing a local path, Git repository, or version to use. This will be considered an error in future versions
[INFO] [stderr] warning: dependency (game) specified without providing a local path, Git repository, or version to use. This will be considered an error in future versions
[INFO] [stderr]    Compiling unicode-xid v0.2.1
[INFO] [stderr]    Compiling dtoa v0.4.6
[INFO] [stderr]     Checking lazy_static v0.2.11
[INFO] [stderr]     Checking bs58 v0.2.5
[INFO] [stderr]     Checking game v0.1.0
[INFO] [stderr]    Compiling phf_shared v0.7.24
[INFO] [stderr]    Compiling num-traits v0.2.12
[INFO] [stderr]    Compiling rand_chacha v0.1.1
[INFO] [stderr]    Compiling rand_pcg v0.1.2
[INFO] [stderr]    Compiling rand_os v0.1.3
[INFO] [stderr]     Checking bear-lib-terminal-sys v1.3.0
[INFO] [stderr]     Checking bincode v1.3.1
[INFO] [stderr]     Checking generic-array v0.12.3
[INFO] [stderr]    Compiling proc-macro2 v1.0.21
[INFO] [stderr]    Compiling phf v0.7.24
[INFO] [stderr]     Checking bear-lib-terminal v1.4.0
[INFO] [stderr]    Compiling rand v0.6.5
[INFO] [stderr]    Compiling quote v1.0.7
[INFO] [stderr]    Compiling syn v1.0.40
[INFO] [stderr]    Compiling num-traits v0.1.43
[INFO] [stderr]    Compiling phf_generator v0.7.24
[INFO] [stderr]    Compiling serde_json v0.9.10
[INFO] [stderr]    Compiling phf_codegen v0.7.24
[INFO] [stderr]    Compiling target_build_utils v0.3.1
[INFO] [stderr]    Compiling serde_derive v1.0.116
[INFO] [stderr]    Compiling libloading v0.3.4
[INFO] [stderr]     Checking common v0.1.0
[INFO] [stderr]     Checking palimpsest-processor v0.1.0 (/opt/rustwide/workdir)
[INFO] [stdout] error[E0412]: cannot find type `Instruction` in this scope
[INFO] [stdout]   --> src/main.rs:28:39
[INFO] [stdout]    |
[INFO] [stdout] 28 |     fn new_game(&self, instructions: [Instruction; PLAYFIELD_SIZE], size: common::Size) -> Game {
[INFO] [stdout]    |                                       ^^^^^^^^^^^ not found in this scope
[INFO] [stdout] 
[INFO] [stdout] 
[INFO] [stdout] error[E0425]: cannot find value `PLAYFIELD_SIZE` in this scope
[INFO] [stdout]   --> src/main.rs:28:52
[INFO] [stdout]    |
[INFO] [stdout] 28 |     fn new_game(&self, instructions: [Instruction; PLAYFIELD_SIZE], size: common::Size) -> Game {
[INFO] [stdout]    |                                                    ^^^^^^^^^^^^^^ not found in this scope
[INFO] [stdout] 
[INFO] [stdout] 
[INFO] [stdout] error[E0412]: cannot find type `Size` in crate `common`
[INFO] [stdout]   --> src/main.rs:28:83
[INFO] [stdout]    |
[INFO] [stdout] 28 |     fn new_game(&self, instructions: [Instruction; PLAYFIELD_SIZE], size: common::Size) -> Game {
[INFO] [stdout]    |                                                                                   ^^^^ not found in `common`
[INFO] [stdout]    |
[INFO] [stdout] help: consider importing this struct
[INFO] [stdout]    |
[INFO] [stdout] 5  | use bear_lib_terminal::geometry::Size;
[INFO] [stdout]    |
[INFO] [stdout] 
[INFO] [stdout] 
[INFO] [stdout] error[E0412]: cannot find type `Game` in this scope
[INFO] [stdout]   --> src/main.rs:28:92
[INFO] [stdout]    |
[INFO] [stdout] 28 |     fn new_game(&self, instructions: [Instruction; PLAYFIELD_SIZE], size: common::Size) -> Game {
[INFO] [stdout]    |                                                                                            ^^^^ not found in this scope
[INFO] [stdout] 
[INFO] [stdout] 
[INFO] [stdout] error[E0412]: cannot find type `Instruction` in this scope
[INFO] [stdout]   --> src/main.rs:28:39
[INFO] [stdout]    |
[INFO] [stdout] 28 |     fn new_game(&self, instructions: [Instruction; PLAYFIELD_SIZE], size: common::Size) -> Game {
[INFO] [stdout]    |                                       ^^^^^^^^^^^ not found in this scope
[INFO] [stdout] 
[INFO] [stdout] 
[INFO] [stdout] error[E0412]: cannot find type `Instruction` in this scope
[INFO] [stdout]   --> src/main.rs:31:28
[INFO] [stdout]    |
[INFO] [stdout] 21 | impl Application {
[INFO] [stdout]    |     - help: you might be missing a type parameter: `<Instruction>`
[INFO] [stdout] ...
[INFO] [stdout] 31 |                 .get::<fn([Instruction; PLAYFIELD_SIZE], common::Size) -> Game>(b"new_game\0")
[INFO] [stdout]    |                            ^^^^^^^^^^^ not found in this scope
[INFO] [stdout] 
[INFO] [stdout] 
[INFO] [stdout] error[E0425]: cannot find value `PLAYFIELD_SIZE` in this scope
[INFO] [stdout]   --> src/main.rs:31:41
[INFO] [stdout]    |
[INFO] [stdout] 21 | impl Application {
[INFO] [stdout]    |     - help: you might be missing a type parameter: `<PLAYFIELD_SIZE>`
[INFO] [stdout] ...
[INFO] [stdout] 31 |                 .get::<fn([Instruction; PLAYFIELD_SIZE], common::Size) -> Game>(b"new_game\0")
[INFO] [stdout]    |                                         ^^^^^^^^^^^^^^ not found in this scope
[INFO] [stdout] 
[INFO] [stdout] 
[INFO] [stdout] error[E0425]: cannot find value `PLAYFIELD_SIZE` in this scope
[INFO] [stdout]   --> src/main.rs:28:52
[INFO] [stdout]    |
[INFO] [stdout] 28 |     fn new_game(&self, instructions: [Instruction; PLAYFIELD_SIZE], size: common::Size) -> Game {
[INFO] [stdout]    |                                                    ^^^^^^^^^^^^^^ not found in this scope
[INFO] [stdout] 
[INFO] [stdout] 
[INFO] [stdout] error[E0412]: cannot find type `Size` in crate `common`
[INFO] [stdout]   --> src/main.rs:31:66
[INFO] [stdout]    |
[INFO] [stdout] 31 |                 .get::<fn([Instruction; PLAYFIELD_SIZE], common::Size) -> Game>(b"new_game\0")
[INFO] [stdout]    |                                                                  ^^^^ not found in `common`
[INFO] [stdout]    |
[INFO] [stdout] help: consider importing this struct
[INFO] [stdout]    |
[INFO] [stdout] 5  | use bear_lib_terminal::geometry::Size;
[INFO] [stdout]    |
[INFO] [stdout] 
[INFO] [stdout] 
[INFO] [stdout] error[E0412]: cannot find type `Size` in crate `common`
[INFO] [stdout]   --> src/main.rs:28:83
[INFO] [stdout]    |
[INFO] [stdout] 28 |     fn new_game(&self, instructions: [Instruction; PLAYFIELD_SIZE], size: common::Size) -> Game {
[INFO] [stdout]    |                                                                                   ^^^^ not found in `common`
[INFO] [stdout]    |
[INFO] [stdout] help: consider importing this struct
[INFO] [stdout]    |
[INFO] [stdout] 5  | use bear_lib_terminal::geometry::Size;
[INFO] [stdout]    |
[INFO] [stdout] 
[INFO] [stdout] 
[INFO] [stdout] error[E0412]: cannot find type `Game` in this scope
[INFO] [stdout]   --> src/main.rs:31:75
[INFO] [stdout]    |
[INFO] [stdout] 21 | impl Application {
[INFO] [stdout]    |     - help: you might be missing a type parameter: `<Game>`
[INFO] [stdout] ...
[INFO] [stdout] 31 |                 .get::<fn([Instruction; PLAYFIELD_SIZE], common::Size) -> Game>(b"new_game\0")
[INFO] [stdout]    |                                                                           ^^^^ not found in this scope
[INFO] [stdout] 
[INFO] [stdout] 
[INFO] [stdout] error[E0412]: cannot find type `Platform` in this scope
[INFO] [stdout]   --> src/main.rs:37:44
[INFO] [stdout]    |
[INFO] [stdout] 37 |     fn update_and_render(&self, platform: &Platform, game: &mut Game, events: &Vec<Event>) -> bool {
[INFO] [stdout]    |                                            ^^^^^^^^ not found in this scope
[INFO] [stdout] 
[INFO] [stdout] 
[INFO] [stdout] error[E0412]: cannot find type `Game` in this scope
[INFO] [stdout]   --> src/main.rs:28:92
[INFO] [stdout]    |
[INFO] [stdout] 28 |     fn new_game(&self, instructions: [Instruction; PLAYFIELD_SIZE], size: common::Size) -> Game {
[INFO] [stdout]    |                                                                                            ^^^^ not found in this scope
[INFO] [stdout] 
[INFO] [stdout] 
[INFO] [stdout] error[E0412]: cannot find type `Game` in this scope
[INFO] [stdout]   --> src/main.rs:37:65
[INFO] [stdout]    |
[INFO] [stdout] 37 |     fn update_and_render(&self, platform: &Platform, game: &mut Game, events: &Vec<Event>) -> bool {
[INFO] [stdout]    |                                                                 ^^^^ not found in this scope
[INFO] [stdout] 
[INFO] [stdout] 
[INFO] [stdout] error[E0412]: cannot find type `Platform` in this scope
[INFO] [stdout]   --> src/main.rs:40:28
[INFO] [stdout]    |
[INFO] [stdout] 21 | impl Application {
[INFO] [stdout]    |     - help: you might be missing a type parameter: `<Platform>`
[INFO] [stdout] ...
[INFO] [stdout] 40 |                 .get::<fn(&Platform, &mut Game, &Vec<Event>) -> bool>(b"update_and_render\0")
[INFO] [stdout]    |                            ^^^^^^^^ not found in this scope
[INFO] [stdout] 
[INFO] [stdout] 
[INFO] [stdout] error[E0412]: cannot find type `Game` in this scope
[INFO] [stdout]   --> src/main.rs:40:43
[INFO] [stdout]    |
[INFO] [stdout] 21 | impl Application {
[INFO] [stdout]    |     - help: you might be missing a type parameter: `<Game>`
[INFO] [stdout] ...
[INFO] [stdout] 40 |                 .get::<fn(&Platform, &mut Game, &Vec<Event>) -> bool>(b"update_and_render\0")
[INFO] [stdout]    |                                           ^^^^ not found in this scope
[INFO] [stdout] 
[INFO] [stdout] 
[INFO] [stdout] error[E0412]: cannot find type `Instruction` in this scope
[INFO] [stdout]   --> src/main.rs:31:28
[INFO] [stdout]    |
[INFO] [stdout] 21 | impl Application {
[INFO] [stdout]    |     - help: you might be missing a type parameter: `<Instruction>`
[INFO] [stdout] ...
[INFO] [stdout] 31 |                 .get::<fn([Instruction; PLAYFIELD_SIZE], common::Size) -> Game>(b"new_game\0")
[INFO] [stdout]    |                            ^^^^^^^^^^^ not found in this scope
[INFO] [stdout] 
[INFO] [stdout] 
[INFO] [stdout] error[E0425]: cannot find function `get_instructions` in crate `common`
[INFO] [stdout]   --> src/main.rs:63:41
[INFO] [stdout]    |
[INFO] [stdout] 63 |     let mut game = app.new_game(common::get_instructions(), size());
[INFO] [stdout]    |                                         ^^^^^^^^^^^^^^^^ not found in `common`
[INFO] [stdout] 
[INFO] [stdout] 
[INFO] [stdout] error[E0422]: cannot find struct, variant or union type `Platform` in this scope
[INFO] [stdout]   --> src/main.rs:67:20
[INFO] [stdout]    |
[INFO] [stdout] 67 |     let platform = Platform {
[INFO] [stdout]    |                    ^^^^^^^^ not found in this scope
[INFO] [stdout] 
[INFO] [stdout] 
[INFO] [stdout] error[E0425]: cannot find value `PLAYFIELD_SIZE` in this scope
[INFO] [stdout]   --> src/main.rs:31:41
[INFO] [stdout]    |
[INFO] [stdout] 21 | impl Application {
[INFO] [stdout]    |     - help: you might be missing a type parameter: `<PLAYFIELD_SIZE>`
[INFO] [stdout] ...
[INFO] [stdout] 31 |                 .get::<fn([Instruction; PLAYFIELD_SIZE], common::Size) -> Game>(b"new_game\0")
[INFO] [stdout]    |                                         ^^^^^^^^^^^^^^ not found in this scope
[INFO] [stdout] 
[INFO] [stdout] 
[INFO] [stdout] error[E0412]: cannot find type `Rect` in crate `common`
[INFO] [stdout]    --> src/main.rs:111:31
[INFO] [stdout]     |
[INFO] [stdout] 111 | fn clear(area: Option<common::Rect>) {
[INFO] [stdout]     |                               ^^^^ not found in `common`
[INFO] [stdout]     |
[INFO] [stdout] help: consider importing this struct
[INFO] [stdout]     |
[INFO] [stdout] 5   | use bear_lib_terminal::geometry::Rect;
[INFO] [stdout]     |
[INFO] [stdout] 
[INFO] [stdout] 
[INFO] [stdout] error[E0412]: cannot find type `Size` in crate `common`
[INFO] [stdout]   --> src/main.rs:31:66
[INFO] [stdout]    |
[INFO] [stdout] 31 |                 .get::<fn([Instruction; PLAYFIELD_SIZE], common::Size) -> Game>(b"new_game\0")
[INFO] [stdout]    |                                                                  ^^^^ not found in `common`
[INFO] [stdout]    |
[INFO] [stdout] help: consider importing this struct
[INFO] [stdout]    |
[INFO] [stdout] 5  | use bear_lib_terminal::geometry::Size;
[INFO] [stdout]    |
[INFO] [stdout] 
[INFO] [stdout] 
[INFO] [stdout] error[E0412]: cannot find type `Rect` in crate `common`
[INFO] [stdout]    --> src/main.rs:112:62
[INFO] [stdout]     |
[INFO] [stdout] 112 |     unsafe { terminal::clear(mem::transmute::<Option<common::Rect>, Option<Rect>>(area)) };
[INFO] [stdout]     |                                                              ^^^^ not found in `common`
[INFO] [stdout]     |
[INFO] [stdout] help: consider importing this struct
[INFO] [stdout]     |
[INFO] [stdout] 5   | use bear_lib_terminal::geometry::Rect;
[INFO] [stdout]     |
[INFO] [stdout] 
[INFO] [stdout] 
[INFO] [stdout] error[E0412]: cannot find type `Size` in crate `common`
[INFO] [stdout]    --> src/main.rs:115:22
[INFO] [stdout]     |
[INFO] [stdout] 115 | fn size() -> common::Size {
[INFO] [stdout]     |                      ^^^^ not found in `common`
[INFO] [stdout]     |
[INFO] [stdout] help: consider importing this struct
[INFO] [stdout]     |
[INFO] [stdout] 5   | use bear_lib_terminal::geometry::Size;
[INFO] [stdout]     |
[INFO] [stdout] 
[INFO] [stdout] 
[INFO] [stdout] error[E0412]: cannot find type `Game` in this scope
[INFO] [stdout]   --> src/main.rs:31:75
[INFO] [stdout]    |
[INFO] [stdout] 21 | impl Application {
[INFO] [stdout]    |     - help: you might be missing a type parameter: `<Game>`
[INFO] [stdout] ...
[INFO] [stdout] 31 |                 .get::<fn([Instruction; PLAYFIELD_SIZE], common::Size) -> Game>(b"new_game\0")
[INFO] [stdout]    |                                                                           ^^^^ not found in this scope
[INFO] [stdout] 
[INFO] [stdout] 
[INFO] [stdout] error[E0412]: cannot find type `Size` in crate `common`
[INFO] [stdout]    --> src/main.rs:116:45
[INFO] [stdout]     |
[INFO] [stdout] 116 |     unsafe { mem::transmute::<Size, common::Size>(state::size()) }
[INFO] [stdout]     |                                             ^^^^ not found in `common`
[INFO] [stdout]     |
[INFO] [stdout] help: consider importing this struct
[INFO] [stdout]     |
[INFO] [stdout] 5   | use bear_lib_terminal::geometry::Size;
[INFO] [stdout]     |
[INFO] [stdout] 
[INFO] [stdout] 
[INFO] [stdout] error[E0412]: cannot find type `Platform` in this scope
[INFO] [stdout]   --> src/main.rs:37:44
[INFO] [stdout]    |
[INFO] [stdout] 37 |     fn update_and_render(&self, platform: &Platform, game: &mut Game, events: &Vec<Event>) -> bool {
[INFO] [stdout]    |                                            ^^^^^^^^ not found in this scope
[INFO] [stdout] 
[INFO] [stdout] 
[INFO] [stdout] error[E0412]: cannot find type `Game` in this scope
[INFO] [stdout]   --> src/main.rs:37:65
[INFO] [stdout]    |
[INFO] [stdout] 37 |     fn update_and_render(&self, platform: &Platform, game: &mut Game, events: &Vec<Event>) -> bool {
[INFO] [stdout]    |                                                                 ^^^^ not found in this scope
[INFO] [stdout] 
[INFO] [stdout] 
[INFO] [stdout] error[E0412]: cannot find type `Point` in crate `common`
[INFO] [stdout]    --> src/main.rs:119:32
[INFO] [stdout]     |
[INFO] [stdout] 119 | fn mouse_position() -> common::Point {
[INFO] [stdout]     |                                ^^^^^ not found in `common`
[INFO] [stdout]     |
[INFO] [stdout] help: consider importing this struct
[INFO] [stdout]     |
[INFO] [stdout] 5   | use bear_lib_terminal::geometry::Point;
[INFO] [stdout]     |
[INFO] [stdout] 
[INFO] [stdout] 
[INFO] [stdout] error[E0412]: cannot find type `Point` in crate `common`
[INFO] [stdout]    --> src/main.rs:120:46
[INFO] [stdout]     |
[INFO] [stdout] 120 |     unsafe { mem::transmute::<Point, common::Point>(state::mouse::position()) }
[INFO] [stdout]     |                                              ^^^^^ not found in `common`
[INFO] [stdout]     |
[INFO] [stdout] help: consider importing this struct
[INFO] [stdout]     |
[INFO] [stdout] 5   | use bear_lib_terminal::geometry::Point;
[INFO] [stdout]     |
[INFO] [stdout] 
[INFO] [stdout] 
[INFO] [stdout] error[E0412]: cannot find type `Platform` in this scope
[INFO] [stdout]   --> src/main.rs:40:28
[INFO] [stdout]    |
[INFO] [stdout] 21 | impl Application {
[INFO] [stdout]    |     - help: you might be missing a type parameter: `<Platform>`
[INFO] [stdout] ...
[INFO] [stdout] 40 |                 .get::<fn(&Platform, &mut Game, &Vec<Event>) -> bool>(b"update_and_render\0")
[INFO] [stdout]    |                            ^^^^^^^^ not found in this scope
[INFO] [stdout] 
[INFO] [stdout] 
[INFO] [stdout] error[E0412]: cannot find type `KeyCode` in crate `common`
[INFO] [stdout]    --> src/main.rs:123:29
[INFO] [stdout]     |
[INFO] [stdout] 123 | fn key_pressed(key: common::KeyCode) -> bool {
[INFO] [stdout]     |                             ^^^^^^^ not found in `common`
[INFO] [stdout]     |
[INFO] [stdout] help: consider importing this enum
[INFO] [stdout]     |
[INFO] [stdout] 5   | use terminal::KeyCode;
[INFO] [stdout]     |
[INFO] [stdout] 
[INFO] [stdout] 
[INFO] [stdout] error[E0412]: cannot find type `Game` in this scope
[INFO] [stdout]   --> src/main.rs:40:43
[INFO] [stdout]    |
[INFO] [stdout] 21 | impl Application {
[INFO] [stdout]    |     - help: you might be missing a type parameter: `<Game>`
[INFO] [stdout] ...
[INFO] [stdout] 40 |                 .get::<fn(&Platform, &mut Game, &Vec<Event>) -> bool>(b"update_and_render\0")
[INFO] [stdout]    |                                           ^^^^ not found in this scope
[INFO] [stdout] 
[INFO] [stdout] 
[INFO] [stdout] error[E0412]: cannot find type `KeyCode` in crate `common`
[INFO] [stdout]    --> src/main.rs:124:68
[INFO] [stdout]     |
[INFO] [stdout] 124 |     terminal::state::key_pressed(unsafe { mem::transmute::<common::KeyCode, KeyCode>(key) })
[INFO] [stdout]     |                                                                    ^^^^^^^ not found in `common`
[INFO] [stdout]     |
[INFO] [stdout] help: consider importing this enum
[INFO] [stdout]     |
[INFO] [stdout] 5   | use terminal::KeyCode;
[INFO] [stdout]     |
[INFO] [stdout] 
[INFO] [stdout] 
[INFO] [stdout] error[E0425]: cannot find function `get_instructions` in crate `common`
[INFO] [stdout]   --> src/main.rs:63:41
[INFO] [stdout]    |
[INFO] [stdout] 63 |     let mut game = app.new_game(common::get_instructions(), size());
[INFO] [stdout]    |                                         ^^^^^^^^^^^^^^^^ not found in `common`
[INFO] [stdout] 
[INFO] [stdout] 
[INFO] [stdout] error[E0412]: cannot find type `Color` in crate `common`
[INFO] [stdout]    --> src/main.rs:127:27
[INFO] [stdout]     |
[INFO] [stdout] 127 | fn set_colors(fg: common::Color, bg: common::Color) {
[INFO] [stdout]     |                           ^^^^^ not found in `common`
[INFO] [stdout]     |
[INFO] [stdout] help: consider importing this struct
[INFO] [stdout]     |
[INFO] [stdout] 5   | use bear_lib_terminal::Color;
[INFO] [stdout]     |
[INFO] [stdout] 
[INFO] [stdout] 
[INFO] [stdout] error[E0422]: cannot find struct, variant or union type `Platform` in this scope
[INFO] [stdout]   --> src/main.rs:67:20
[INFO] [stdout]    |
[INFO] [stdout] 67 |     let platform = Platform {
[INFO] [stdout]    |                    ^^^^^^^^ not found in this scope
[INFO] [stdout] 
[INFO] [stdout] 
[INFO] [stdout] error[E0412]: cannot find type `Color` in crate `common`
[INFO] [stdout]    --> src/main.rs:127:46
[INFO] [stdout]     |
[INFO] [stdout] 127 | fn set_colors(fg: common::Color, bg: common::Color) {
[INFO] [stdout]     |                                              ^^^^^ not found in `common`
[INFO] [stdout]     |
[INFO] [stdout] help: consider importing this struct
[INFO] [stdout]     |
[INFO] [stdout] 5   | use bear_lib_terminal::Color;
[INFO] [stdout]     |
[INFO] [stdout] 
[INFO] [stdout] 
[INFO] [stdout] error[E0412]: cannot find type `Rect` in crate `common`
[INFO] [stdout]    --> src/main.rs:111:31
[INFO] [stdout]     |
[INFO] [stdout] 111 | fn clear(area: Option<common::Rect>) {
[INFO] [stdout]     |                               ^^^^ not found in `common`
[INFO] [stdout]     |
[INFO] [stdout] help: consider importing this struct
[INFO] [stdout]     |
[INFO] [stdout] 5   | use bear_lib_terminal::geometry::Rect;
[INFO] [stdout]     |
[INFO] [stdout] 
[INFO] [stdout] 
[INFO] [stdout] error[E0412]: cannot find type `Color` in crate `common`
[INFO] [stdout]    --> src/main.rs:128:60
[INFO] [stdout]     |
[INFO] [stdout] 128 |     terminal::set_colors(unsafe { mem::transmute::<common::Color, Color>(fg) },
[INFO] [stdout]     |                                                            ^^^^^ not found in `common`
[INFO] [stdout]     |
[INFO] [stdout] help: consider importing this struct
[INFO] [stdout]     |
[INFO] [stdout] 5   | use bear_lib_terminal::Color;
[INFO] [stdout]     |
[INFO] [stdout] 
[INFO] [stdout] 
[INFO] [stdout] error[E0412]: cannot find type `Rect` in crate `common`
[INFO] [stdout]    --> src/main.rs:112:62
[INFO] [stdout]     |
[INFO] [stdout] 112 |     unsafe { terminal::clear(mem::transmute::<Option<common::Rect>, Option<Rect>>(area)) };
[INFO] [stdout]     |                                                              ^^^^ not found in `common`
[INFO] [stdout]     |
[INFO] [stdout] help: consider importing this struct
[INFO] [stdout]     |
[INFO] [stdout] 5   | use bear_lib_terminal::geometry::Rect;
[INFO] [stdout]     |
[INFO] [stdout] 
[INFO] [stdout] 
[INFO] [stdout] error[E0412]: cannot find type `Color` in crate `common`
[INFO] [stdout]    --> src/main.rs:129:60
[INFO] [stdout]     |
[INFO] [stdout] 129 |                          unsafe { mem::transmute::<common::Color, Color>(bg) });
[INFO] [stdout]     |                                                            ^^^^^ not found in `common`
[INFO] [stdout]     |
[INFO] [stdout] help: consider importing this struct
[INFO] [stdout]     |
[INFO] [stdout] 5   | use bear_lib_terminal::Color;
[INFO] [stdout]     |
[INFO] [stdout] 
[INFO] [stdout] 
[INFO] [stdout] warning: unused import: `common::*`
[INFO] [stdout]   --> src/main.rs:13:5
[INFO] [stdout]    |
[INFO] [stdout] 13 | use common::*;
[INFO] [stdout]    |     ^^^^^^^^^
[INFO] [stdout]    |
[INFO] [stdout]    = note: `#[warn(unused_imports)]` on by default
[INFO] [stdout] 
[INFO] [stdout] 
[INFO] [stdout] error[E0412]: cannot find type `Size` in crate `common`
[INFO] [stdout]    --> src/main.rs:115:22
[INFO] [stdout]     |
[INFO] [stdout] 115 | fn size() -> common::Size {
[INFO] [stdout]     |                      ^^^^ not found in `common`
[INFO] [stdout]     |
[INFO] [stdout] help: consider importing this struct
[INFO] [stdout]     |
[INFO] [stdout] 5   | use bear_lib_terminal::geometry::Size;
[INFO] [stdout]     |
[INFO] [stdout] 
[INFO] [stdout] 
[INFO] [stdout] error[E0412]: cannot find type `Size` in crate `common`
[INFO] [stdout]    --> src/main.rs:116:45
[INFO] [stdout]     |
[INFO] [stdout] 116 |     unsafe { mem::transmute::<Size, common::Size>(state::size()) }
[INFO] [stdout]     |                                             ^^^^ not found in `common`
[INFO] [stdout]     |
[INFO] [stdout] help: consider importing this struct
[INFO] [stdout]     |
[INFO] [stdout] 5   | use bear_lib_terminal::geometry::Size;
[INFO] [stdout]     |
[INFO] [stdout] 
[INFO] [stdout] 
[INFO] [stdout] error[E0412]: cannot find type `Point` in crate `common`
[INFO] [stdout]    --> src/main.rs:119:32
[INFO] [stdout]     |
[INFO] [stdout] 119 | fn mouse_position() -> common::Point {
[INFO] [stdout]     |                                ^^^^^ not found in `common`
[INFO] [stdout]     |
[INFO] [stdout] help: consider importing this struct
[INFO] [stdout]     |
[INFO] [stdout] 5   | use bear_lib_terminal::geometry::Point;
[INFO] [stdout]     |
[INFO] [stdout] 
[INFO] [stdout] 
[INFO] [stdout] error[E0412]: cannot find type `Point` in crate `common`
[INFO] [stdout]    --> src/main.rs:120:46
[INFO] [stdout]     |
[INFO] [stdout] 120 |     unsafe { mem::transmute::<Point, common::Point>(state::mouse::position()) }
[INFO] [stdout]     |                                              ^^^^^ not found in `common`
[INFO] [stdout]     |
[INFO] [stdout] help: consider importing this struct
[INFO] [stdout]     |
[INFO] [stdout] 5   | use bear_lib_terminal::geometry::Point;
[INFO] [stdout]     |
[INFO] [stdout] 
[INFO] [stdout] 
[INFO] [stdout] error[E0412]: cannot find type `KeyCode` in crate `common`
[INFO] [stdout]    --> src/main.rs:123:29
[INFO] [stdout]     |
[INFO] [stdout] 123 | fn key_pressed(key: common::KeyCode) -> bool {
[INFO] [stdout]     |                             ^^^^^^^ not found in `common`
[INFO] [stdout]     |
[INFO] [stdout] help: consider importing this enum
[INFO] [stdout]     |
[INFO] [stdout] 5   | use terminal::KeyCode;
[INFO] [stdout]     |
[INFO] [stdout] 
[INFO] [stdout] 
[INFO] [stdout] error[E0412]: cannot find type `KeyCode` in crate `common`
[INFO] [stdout]    --> src/main.rs:124:68
[INFO] [stdout]     |
[INFO] [stdout] 124 |     terminal::state::key_pressed(unsafe { mem::transmute::<common::KeyCode, KeyCode>(key) })
[INFO] [stdout]     |                                                                    ^^^^^^^ not found in `common`
[INFO] [stdout]     |
[INFO] [stdout] help: consider importing this enum
[INFO] [stdout]     |
[INFO] [stdout] 5   | use terminal::KeyCode;
[INFO] [stdout]     |
[INFO] [stdout] 
[INFO] [stdout] 
[INFO] [stdout] error[E0412]: cannot find type `Color` in crate `common`
[INFO] [stdout]    --> src/main.rs:127:27
[INFO] [stdout]     |
[INFO] [stdout] 127 | fn set_colors(fg: common::Color, bg: common::Color) {
[INFO] [stdout]     |                           ^^^^^ not found in `common`
[INFO] [stdout]     |
[INFO] [stdout] help: consider importing this struct
[INFO] [stdout]     |
[INFO] [stdout] 5   | use bear_lib_terminal::Color;
[INFO] [stdout]     |
[INFO] [stdout] 
[INFO] [stdout] 
[INFO] [stdout] error[E0412]: cannot find type `Color` in crate `common`
[INFO] [stdout]    --> src/main.rs:127:46
[INFO] [stdout]     |
[INFO] [stdout] 127 | fn set_colors(fg: common::Color, bg: common::Color) {
[INFO] [stdout]     |                                              ^^^^^ not found in `common`
[INFO] [stdout]     |
[INFO] [stdout] help: consider importing this struct
[INFO] [stdout]     |
[INFO] [stdout] 5   | use bear_lib_terminal::Color;
[INFO] [stdout]     |
[INFO] [stdout] 
[INFO] [stdout] 
[INFO] [stdout] error[E0412]: cannot find type `Color` in crate `common`
[INFO] [stdout]    --> src/main.rs:128:60
[INFO] [stdout]     |
[INFO] [stdout] 128 |     terminal::set_colors(unsafe { mem::transmute::<common::Color, Color>(fg) },
[INFO] [stdout]     |                                                            ^^^^^ not found in `common`
[INFO] [stdout]     |
[INFO] [stdout] help: consider importing this struct
[INFO] [stdout]     |
[INFO] [stdout] 5   | use bear_lib_terminal::Color;
[INFO] [stdout]     |
[INFO] [stdout] 
[INFO] [stdout] 
[INFO] [stdout] error[E0412]: cannot find type `Color` in crate `common`
[INFO] [stdout]    --> src/main.rs:129:60
[INFO] [stdout]     |
[INFO] [stdout] 129 |                          unsafe { mem::transmute::<common::Color, Color>(bg) });
[INFO] [stdout]     |                                                            ^^^^^ not found in `common`
[INFO] [stdout]     |
[INFO] [stdout] help: consider importing this struct
[INFO] [stdout]     |
[INFO] [stdout] 5   | use bear_lib_terminal::Color;
[INFO] [stdout]     |
[INFO] [stdout] 
[INFO] [stdout] 
[INFO] [stdout] warning: unused import: `common::*`
[INFO] [stdout]   --> src/main.rs:13:5
[INFO] [stdout]    |
[INFO] [stdout] 13 | use common::*;
[INFO] [stdout]    |     ^^^^^^^^^
[INFO] [stdout]    |
[INFO] [stdout]    = note: `#[warn(unused_imports)]` on by default
[INFO] [stdout] 
[INFO] [stdout] 
[INFO] [stdout] error: aborting due to 26 previous errors; 1 warning emitted
[INFO] [stdout] 
[INFO] [stdout] 
[INFO] [stdout] Some errors have detailed explanations: E0412, E0422, E0425.
[INFO] [stdout] 
[INFO] [stdout] For more information about an error, try `rustc --explain E0412`.
[INFO] [stdout] 
[INFO] [stderr] error: could not compile `palimpsest-processor`.
[INFO] [stderr] 
[INFO] [stderr] To learn more, run the command again with --verbose.
[INFO] [stderr] warning: build failed, waiting for other jobs to finish...
[INFO] [stdout] error: aborting due to 26 previous errors; 1 warning emitted
[INFO] [stdout] 
[INFO] [stdout] 
[INFO] [stdout] Some errors have detailed explanations: E0412, E0422, E0425.
[INFO] [stdout] 
[INFO] [stdout] For more information about an error, try `rustc --explain E0412`.
[INFO] [stdout] 
[INFO] [stderr] error: build failed
[INFO] running `Command { std: "docker" "inspect" "4688325d37eca1d7f5647471c8e7f0d1b3ac29a7881a293d5cd82461135938f3", kill_on_drop: false }`
[INFO] running `Command { std: "docker" "rm" "-f" "4688325d37eca1d7f5647471c8e7f0d1b3ac29a7881a293d5cd82461135938f3", kill_on_drop: false }`
[INFO] [stdout] 4688325d37eca1d7f5647471c8e7f0d1b3ac29a7881a293d5cd82461135938f3
